*2 + 4*b - 196. Let r be x(0). Let z = r + 245. What is the units digit of z?
9
Suppose -4*s - 2*f + 210 = 0, 3*s + s + 5*f = 213. What is the hundreds digit of 28/(-8)*(8 - s)?
1
Suppose -8 = -4*w - 3*r - 0*r, -5*r = -20. What is the tens digit of -4 + 0 - (w + -324 - -2)?
1
What is the ten thousands digit of (12/10)/3 - (-18 + 1131571/(-35))?
3
Suppose 2*v + 2*v = -5*s + 7, -5*v - 3*s = -12. Suppose -3 = -v*a - y - 8, 4*a + y = -8. What is the units digit of a/((-3)/(-2)) - -85?
3
Suppose 9*m - 90 = 12*m. Let g = m + 57. What is the tens digit of (g - 8)*(5 - 0)?
9
Suppose -2*l = -90*l + 3614952. What is the units digit of l?
9
Let n(c) = 2*c - 2. Let w be n(2). Let v be 13*9 - (-2 - w). Suppose 5*f + v = 441. What is the units digit of f?
4
Suppose -3*z = 9*c - 5*c - 84, -42 = -2*c + 2*z. Suppose -5*q = c*q - 6838. What is the tens digit of q?
6
Let d = 1 - 1. Let r be 8/(3 - 38/12). What is the units digit of d/4 + (r - -4)/(-2)?
2
What is the units digit of (-6)/(-1) + (-1817556)/(-156)?
7
Let y(b) = 4*b - 48. Let h be y(23). Suppose 37*d + 2576 = h*d. What is the units digit of d?
8
Let x(l) = 12*l - 2. Suppose 0 = 26*t - 29*t + 15. Suppose -t*k + 46 - 11 = 0. What is the units digit of x(k)?
2
Let s(f) be the second derivative of 18*f**3 - 9*f**2 - 24*f. What is the hundreds digit of s(4)?
4
Suppose 2058*w = 2035*w + 433320. What is the units digit of w?
0
Suppose -3*j - 5*o + 86419 = 0, -j - 5*o + 8813 + 20020 = 0. What is the thousands digit of j?
8
Let i(d) be the first derivative of 9*d**2 - 97*d + 31. What is the tens digit of i(10)?
8
Let o(t) = -61*t**3 - 93*t**2 - 13*t - 1. What is the thousands digit of o(-6)?
9
Let x = 1 + 1. Let f be x/(-13) + (-1211)/(-13). Let h = f + -5. What is the units digit of h?
8
Let h be 2/(-7) + ((-64)/(-28))/1. Suppose -2*u + 5*n = 2*n - h, 4*u = 4*n + 8. Suppose u*z + 756 = 11*z. What is the hundreds digit of z?
1
Let a(q) = 147*q**2 + 3*q - 1. Suppose 0 = -2*i + x + 5, -3 = 4*i - 4*x - 15. What is the hundreds digit of a(i)?
5
Let q be (15/(-40))/(2/(-16)). Suppose 3*z - c = 1922, -7*z + 10*z - q*c - 1920 = 0. What is the tens digit of z?
4
Suppose -19*w - 19 = -114. Suppose 5*f = -25, -3*f = w*j - 4*f - 4915. What is the hundreds digit of j?
9
Let h(n) be the first derivative of n**3/3 - 11*n**2/2 - 91*n + 30. What is the tens digit of h(17)?
1
Suppose 0 = w + 5*z - 29325, -77*w + 2*z = -76*w - 29318. What is the ten thousands digit of w?
2
Let s = 405 - 369. Let n = 171 - 95. Let c = n + s. What is the tens digit of c?
1
Suppose -4*y + 430 = 3*u - 2*u, -u - y + 433 = 0. Suppose -8*m + 2166 = -u. What is the tens digit of m?
2
Let h be (-180)/450 - (44/(-10) - 0). Suppose -13950 = h*j - 22*j. What is the units digit of j?
5
Let r = -138 + 135. What is the tens digit of ((-2)/(-15))/(r/(-525))*18?
2
Let r be 1 + 2 + (-24)/(-4). Suppose 5*y - 2*n = 468, -5*n + 63 = y - r. Let f = y + -56. What is the tens digit of f?
3
Let r be 1 - 1/(0 - (-2)/(-178)). Suppose r*l - 93*l - 75 = 0. What is the units digit of l/(-100) + 126/8?
6
Suppose 5*j = -0*j + 135. Let a be 2799/j + (-2)/(-6). Let y = 188 - a. What is the tens digit of y?
8
What is the units digit of -78*(2970/(-12) + -8 - -6)?
1
Let q(h) = -26*h**3 + 52 + 12*h**3 - 27*h + 15*h**3 + 27*h**2. What is the tens digit of q(-28)?
2
Suppose -3*o + 6 = -v - 8, -4*o = 2*v - 12. Let c(q) = 126*q**2 + 3*q + 4. What is the tens digit of c(v)?
0
Let b(u) = 166*u**2 - 249*u - 3. What is the units digit of b(-8)?
3
Suppose -1 + 4 = h. Suppose 174 = h*q + 42. What is the units digit of 0 - q/(-1 - 1)?
2
Let c(x) = 172*x**2 + 32*x - 138. What is the hundreds digit of c(3)?
5
Suppose -12 = -4*r, -12461 = 3*m + r - 88805. What is the thousands digit of m?
5
Suppose -3*c + 49 = 5*m - 0*m, -5*c + 73 = 4*m. Let k = 16 - c. Suppose 2*v + 2*n = 212 - 16, -4*v + k*n + 399 = 0. What is the tens digit of v?
9
Let x be 21/45*4 - (-2)/15. Suppose -666 = -2*t + c, -2*t + x*c = -t - 336. What is the tens digit of t?
3
What is the thousands digit of -2 + ((-81)/6)/((315/53020)/(-21))?
7
Let g(d) = d**2 - 24*d - 3. Let t(r) = r. Let k(p) = -g(p) - 4*t(p). Suppose -17*y = -69 - 169. What is the tens digit of k(y)?
8
Let d(k) be the second derivative of 229*k**4/4 + 5*k**3/6 + 7*k**2/2 - 144*k. What is the units digit of d(-1)?
9
Let x(i) = -2*i**3 + 3*i**2 - 6*i - 116. Let u(h) = h**3 - h**2 + 3*h + 58. Let t(c) = 5*u(c) + 2*x(c). What is the units digit of t(10)?
8
Let q be (8*-1)/(159 + -163). Let j = 835 - 545. Suppose q*g - 155 = -s, 2*s = g + 3*g - j. What is the units digit of g?
5
What is the thousands digit of 4366049/164 + 4/(-16)?
6
Let h = 35632 + -17953. What is the tens digit of h?
7
Let t(n) = 40*n - 197. Let w be t(5). Suppose w*i = 2358 - 447. What is the hundreds digit of i?
6
Let v(d) = 9793*d**3 - 3*d**2 + 9*d - 6. What is the units digit of v(1)?
3
Suppose -2*x = -3*x + 24. Let n be (x/(-16))/((-2)/(-4)). What is the tens digit of (7/(-2) - -2)*(-25 - n)?
3
What is the thousands digit of (10/(-7))/(7*(-62)/18071543)?
9
What is the thousands digit of (-17325240)/(-1740) + 2/(-58)?
9
Let b be 2*1/(2/1) + 294. Suppose l = 6*l + b. Let f = 121 + l. What is the tens digit of f?
6
Suppose -374 = -29*y - 461. Let d = -8 + -27. What is the units digit of (-250)/1*(y - 77/d)?
0
Let s(u) = -4*u**2 - 20*u + 5452. What is the units digit of s(0)?
2
Let z(l) = 734*l - 717. What is the units digit of z(7)?
1
Let c = -10 + 12. Suppose -w + i + 3 = -0*w, 3*w - c*i = 8. Suppose -191 = -2*q + 5*g, w*g - 293 = -3*q + 3*g. What is the units digit of q?
8
What is the hundreds digit of (-59*(3 - 4))/(11/22)*13?
5
Suppose 0 = -2*m + 5*m + 6*m. Suppose -5*x + 17 + 8 = m. Suppose -5*s = -x*z - 265, 4*s + 3*z - 107 - 126 = 0. What is the tens digit of s?
5
Let a = -11 - -26. Suppose 0 = o + i - 3, 2*o + 3*i + a = 5*o. Suppose 2*c - 1 = c, -5*g = -o*c - 101. What is the tens digit of g?
2
Let n(g) = g + 11. Let p be n(-5). Let k be 920/12 - (4/p + 0). Let w = 340 - k. What is the tens digit of w?
6
What is the tens digit of (-7)/(25 + -4) + 3 + 107917/3?
7
Let x(t) = -1760*t - 2081. What is the hundreds digit of x(-5)?
7
Let n = 27 + -5. Let q = n + 5. Let j = q - 22. What is the units digit of j?
5
Suppose -4*j + 1098 + 1075 = 3*q, -3*q + 5*j = -2218. Suppose -3706 + q = -5*n. What is the hundreds digit of n?
5
What is the tens digit of 32/(-272) - 138456/(-68)?
3
Let o = -40 + 51. Let h(b) = 40*b - 5. What is the tens digit of h(o)?
3
Let t(f) = 4*f + 62. Let c be t(-15). Suppose -y = -5*i + c*y + 1657, 5*i - 1658 = 2*y. What is the hundreds digit of i?
3
Let n(c) = -19*c**3 - 16*c**2 - 47*c + 94. What is the tens digit of n(-7)?
5
Let i(f) = 12 - 12 - 10 - 23 - 212*f. What is the units digit of i(-4)?
5
Let x(y) = -4*y**2 + 69*y + 59. Let b be x(18). Let r(t) = 5*t**3 - 15*t**2 - 8*t. What is the tens digit of r(b)?
1
Let r(s) be the first derivative of s**4/4 + 25*s**3/3 + 11*s**2 + 23*s + 3424. Suppose -112 = 4*f - 16. What is the tens digit of r(f)?
7
Suppose 11*i - 7*i - 16512 = -4*m, 4124 = m + 2*i. What is the units digit of m?
2
Let y(a) = -370*a - 5. Let q be (-160)/100 + 6/(-10)*-1. What is the units digit of y(q)?
5
Let w(s) = -51*s**2 - 1 + 94*s - 96*s + 0. Let b be w(-1). Let z = b - -208. What is the hundreds digit of z?
1
Let q(z) = 39*z**2 - 2*z + 3. Let m be q(-4). Let g(y) = -y**3 - y**2 + 7*y - 18. Let k be g(-4). What is the tens digit of m/10 + 1/k?
6
What is the tens digit of (-22)/(-2)*82/1 + 558/186?
0
Let c = 10 + -8. Suppose 0 = -2*t - c + 6, -370 = -2*b - 3*t. What is the hundreds digit of b?
1
Let m = 0 - -11. Let z = -11 + m. Suppose 6*a - 97 - 467 = z. What is the tens digit of a?
9
Suppose 0 = -z - 2*k - 54, -33 + 83 = -z - 4*k. Let x = 425 + z. What is the units digit of x?
7
Suppose -4*g - 517 = 3*a, -3*a = 2*g + 2*a + 255. What is the tens digit of (g/(-2))/((-20)/(-80))?
6
Let i be 3/(-18) + (-685)/(-6). Suppose i*c - 112*c = 162. What is the tens digit of c?
8
Suppose 5887 = -5*w - 0*w - h, 6 = 2*h. Let f = w + 2246. What is the thousands digit of f?
1
Let f be (((-72)/10)/(-3))/(9/12090). Suppose -103*g = -99*g - f. What is the tens digit of g?
0
Let a = -498 - -498. Suppose 53*n - 85*n + 44128 = a. What is the hundreds digit of n?
3
Let 